 Let p be x(-3). What is the highest common divisor of p and 9?
9
Let x(z) = z**2 + 4*z**2 + 2 - z**3 - 2*z - 3. Suppose -3*m + 4 = 5*i, -2 - 1 = 3*i. Let o be x(m). What is the highest common factor of o and 55?
11
Suppose 45*r = 54*r - 108. Calculate the highest common divisor of r and 16.
4
Let g be 4 + 41 + 4 - -1. What is the greatest common factor of g and 30?
10
Suppose 5*w - 15 = 3*n - 395, 8 = -2*w. Suppose 0 = 4*i - 71 - 25. Calculate the highest common divisor of n and i.
24
Let l be (1/(-2))/(2/(-32)). Let d(f) = -2*f + 1. Let o be d(2). Let y = 11 + o. Calculate the highest common factor of l and y.
8
Let p be 7/(4 - (2 - -1)). Let h(b) = -12 - p*b + b - 2*b + 2*b. Let j be h(-8). What is the greatest common divisor of j and 12?
12
Let v be 4 + (-1 + 1 - 1). Suppose 0 = 5*k + v*x - 7, 5*x + 13 = 3*k + k. Suppose k*m = m + 15. Calculate the greatest common factor of m and 75.
15
Let s be (-6 + 5)*(3 + -12). Calculate the greatest common factor of 27 and s.
9
Let o(a) = -211*a**3 - 2*a**2 - a. Let u be o(-1). Suppose 5*n - u + 75 = 0. What is the greatest common divisor of n and 9?
9
Suppose 3 = -2*d + 7. Suppose -d*i = -0*i - 10. Suppose -10*k + 90 = -8*k. Calculate the greatest common divisor of k and i.
5
Let a be -2 + 4 + 1 + 0. Let w = -2 + a. Let i(c) = 9*c**3 + 2*c**2 - 1. Let y be i(1). Calculate the highest common factor of y and w.
1
Let q = 8 - 3. Suppose -2*a = -q - 1. Suppose -15 = -a*y - 0*y. Calculate the highest common divisor of y and 10.
5
Suppose -j - 4*x = 19, -4*j - 2*x = -5*x + 38. Let l = j + 18. Calculate the highest common factor of 42 and l.
7
Suppose 3*d - 72 = -2*c + 5*d, 5*c = -d + 204. Calculate the greatest common factor of c and 40.
40
Suppose 4*l = -p - 19, 0*p = 3*p + 3*l + 102. Let f = 66 + p. Let d = 1 - -8. Calculate the greatest common divisor of f and d.
9
Let z(m) = m**2 + 5*m + 5. Let q be z(-6). Suppose 5*f - 5*s = 60, -9*f + 4*s - 7 = -10*f. Calculate the greatest common factor of q and f.
11
Let f be (-66)/(-9) + (-15)/(-9). Calculate the greatest common factor of f and 63.
9
Suppose w - 28 = -2*b + 5*w, 5*b - 2*w - 30 = 0. Suppose 1 = -f + 7. Let h be (f/(-12))/((-2)/b). What is the greatest common factor of h and 2?
1
Suppose v = -5*a + 6, 2*v + 0*a = -a + 3. Let b be (-14)/(v + -3) - 0. Suppose 0*m - 21 = -m. What is the highest common divisor of b and m?
7
Suppose 0 = 4*k - 367 + 79. Calculate the highest common factor of 24 and k.
24
Let n be (-4)/(-10) + (-159)/(-15). Let u(f) = -f**3 - 8*f**2 - 16*f - 13. Let y be u(-6). Calculate the greatest common factor of y and n.
11
Suppose 81*a = 76*a + 10. Suppose 0 = j - 6 + 2. Suppose -j*n = -20, 250 = a*p - 2*n + 4*n. Calculate the greatest common divisor of 15 and p.
15
Suppose -84 = -2*a + 5*p + 3, -2*p = -a + 45. Calculate the highest common factor of a and 17.
17
Let w be (-4)/(1 + (-3)/2). What is the highest common factor of 72 and w?
8
Let l(s) = -s**3 - 10*s**2 - 10*s - 9. Let a be l(-9). Suppose -3*b + b + 36 = a. What is the greatest common divisor of 144 and b?
18
Let g(j) = j**2 - 4*j + 4. Let i be g(4). Suppose 0 = -0*a - 2*a + 14. Suppose -3*p = -s + 7, -4*s - p = -8 - a. What is the greatest common factor of s and i?
4
Suppose j - 4*j = -255. What is the highest common factor of 17 and j?
17
Suppose 2*p + 43 = x - 89, -3*p - 15 = 0. Suppose 2 = -4*f + x. Calculate the highest common factor of 6 and f.
6
Let w(r) = -r**2 + r - 1. Let z be w(3). Let d = z - -20. Suppose -t = 3*t - 156. What is the greatest common factor of d and t?
13
Let m = -34 + 36. What is the highest common factor of m and 5?
1
Let y = 237 + -150. Calculate the highest common factor of y and 116.
29
Let r = 54 + -23. What is the highest common divisor of 217 and r?
31
Let j(u) = 53*u**3 + 2*u**2 + 2*u + 1. Let r be j(-1). Let s be (1 + 2 - 2) + 72. Let i = r + s. What is the greatest common factor of i and 3?
3
Let r = 117 + -77. Let f be r/3*3/2. Let a = f - 11. Calculate the highest common divisor of a and 27.
9
Let d = -23 - -42. Calculate the highest common factor of d and 19.
19
Suppose -610 + 82 = -4*v. What is the highest common factor of 12 and v?
12
Let y be 75 + (1 + -2 - -3). Calculate the greatest common factor of y and 11.
11
Let d = 50 + -27. Calculate the highest common factor of d and 115.
23
Let r(c) = -5 - c**3 + 6*c - 6 - 9*c**2 + c**2 + 0. Let n be r(-9). What is the greatest common factor of 4 and n?
4
Let u(i) = -i + 6. Let w = 15 + -21. Let n = w - -1. Let b be u(n). Calculate the greatest common factor of 99 and b.
11
Suppose 3*n + 1 = 7. Suppose 0*g = -n*g. Suppose -2*z + 29 = -2*r + 7, g = 4*r. What is the greatest common factor of 121 and z?
11
Let q = 0 - -12. What is the greatest common divisor of 18 and q?
6
Let q be (-436)/(-22) - 18/(-99). Calculate the highest common divisor of q and 80.
20
Suppose -3*n - u + 274 = -0*u, 5*u - 290 = -3*n. What is the highest common divisor of n and 30?
30
Suppose 4 = -3*y - 2. Let u be (-2)/(-2) - -30 - y. Calculate the greatest common divisor of u and 22.
11
Suppose -3*s = -3*w, 2 = w - 2. Suppose 3*j = 5*g + 100, -7*g + 180 = s*j - 2*g. What is the greatest common factor of j and 10?
10
Let b = 7 - 39. Let f = 4 - b. What is the highest common factor of f and 9?
9
Let m = -33 + 138. Suppose 0 = 4*s - 50 - 10. Calculate the highest common divisor of m and s.
15
Let j(o) be the third derivative of -o**6/120 - o**5/10 - o**4/6 - 3*o**3/2 + 2*o**2. Let v be j(-6). What is the greatest common divisor of 75 and v?
15
Let b = 3 - -7. Suppose 0 = -d + 18 + b. Suppose -3*q = -x + 44, 2*x - x + q = d. What is the highest common factor of 8 and x?
8
Suppose -c = 4*c - 90. Let s be 0 + 8*c/4. Let k be 1 - -7 - 7/(5 + -12). What is the greatest common factor of k and s?
9
Suppose 160 = 5*d - d. What is the greatest common divisor of d and 5?
5
Let r = 2 - -23. Let f be (r/(-3) + -3)*-15. What is the highest common factor of 17 and f?
17
Let r(x) be the second derivative of x**3/6 + 9*x**2/2 + x. Let m be r(-7). Suppose 0 = -2*j + m + 66. What is the greatest common divisor of 85 and j?
17
Let z(b) = b**2 + 7*b + 1. Let l be z(-7). Suppose 44 = r - 4*d, -2*d + 3*d - l = 0. What is the greatest common factor of 12 and r?
12
Let s(l) = -29*l**3 - l. Suppose -8 = -4*v - 0. Suppose 5 = b - v*t, 4*b + 5*t + 2 + 17 = 0. Let a be s(b). What is the greatest common divisor of 12 and a?
6
Let o(v) = v**2 - v + 104. Let c(y) = y + 6. Suppose 37 = -5*l + 7. Let j be c(l). Let n be o(j). Calculate the highest common factor of n and 13.
13
Suppose -5*c - 2 = -22. Calculate the highest common divisor of c and 1.
1
Suppose m + 5*a + 37 = 5*m, 3*m + 16 = -5*a. Calculate the highest common divisor of 6 and m.
3
Let s be -42*21/18*-2. Calculate the greatest common factor of s and 14.
14
Let v be (-2)/(-5) - (-24)/(-10). Let r be (-2 - v) + (-80)/(-2). Let h be 4/10 - (-1470)/75. What is the highest common divisor of h and r?
20
Let v = 46 + 126. Calculate the highest common divisor of v and 4.
4
Suppose 0 = 6*x - 4*x + 40. Let h be x/5*1*-3. Let q be -2*h*(-10)/4. Calculate the highest common divisor of q and 24.
12
Let j = -1 - -3. Suppose 0 = -0*f - j*f - 4. Let v be (-62)/(-5) + f/5. What is the greatest common divisor of v and 4?
4
Suppose -g = g - 34. What is the highest common factor of 119 and g?
17
Let o be 15*(-3 + (-76)/(-24))*6. What is the greatest common divisor of o and 60?
15
Suppose k + 11 = -0. Let z be (2 - 2) + k + 1. Let f = 16 + z. What is the highest common factor of 66 and f?
6
Let y(g) = -g**3 + 6*g**2 + 2*g - 4. Let x be y(6). Suppose -3*m - 90 = -x*m. Let o = 8 + 1. Calculate the highest common divisor of o and m.
9
Suppose 0 = -5*y - 5 + 15, -f + 3*y = 1. Suppose 0 = -0*r - f*r + 45. What is the greatest common divisor of 63 and r?
9
Let t = -16 - -30. Calculate the greatest common divisor of t and 35.
7
Suppose 0 = -0*u - u - 5. Let p(v) = -3*v - 1. Let o be p(u). Calculate the greatest common divisor of 70 and o.
14
Let m(z) = z**3 - 5*z**2 + 3*z + 12. Let g be m(5). What is the highest common factor of g and 9?
9
Suppose 2 = -0*n + 2*n. Suppose f = n - 0. Calculate the highest common divisor of 3 and f.
1
Let m = 10 + -16. Let b(d) = d**2 + 6*d + 9. Let w be b(m). Let k(n) = -9*n. Let